of q?
7
Suppose v + 4*t - 27 = t, -t - 39 = -v. What is the tens digit of v?
3
Let s(c) = c**2 + 11*c + 3. Let o(b) = -b + 1. Let u(t) = -3*o(t) - s(t). Let y be u(-6). What is the units digit of 40/y - (-2)/(-3)?
6
What is the units digit of (-4)/4*3 - -18?
5
Let v = 2 + -7. Let a(b) = -b**3 - 6*b**2 - 4*b + 7. What is the units digit of a(v)?
2
Suppose 2*u - 129 = 5*i, -u + 3*i + 43 = -23. What is the tens digit of u?
5
Let v(j) = -9*j**2 + j + 3. Let s(h) = -46*h**2 + 6*h + 16. Let o(c) = 2*s(c) - 11*v(c). What is the tens digit of o(2)?
2
Suppose -18 = 4*d - 94. What is the tens digit of d?
1
Let w(h) = -h**2 + 6*h + 10. Suppose -21 = -16*a + 13*a. What is the units digit of w(a)?
3
Let a = 0 - -16. What is the units digit of a?
6
Let v be (-2 + 1 - 2) + 2. What is the units digit of (1 + -5 + 3)*v?
1
Let f be 3 - (0 - -1)*1. Suppose 45 = n + f*n. What is the tens digit of n?
1
Suppose 2*s = s + 6. Suppose 3*w + s - 21 = 0. What is the units digit of w?
5
Let x(t) = -135*t - 13. What is the tens digit of x(-2)?
5
Let o be (-2)/(-9) - (-65)/(-9). Let n(a) be the first derivative of a**2/2 + 9*a - 1. What is the units digit of n(o)?
2
Let s be (14/4)/(3/6). Suppose 5 = 4*y - 5*z, z = y + y - s. What is the units digit of y?
5
Let b(u) = 2*u**2 + 5*u - 7. Let i = 0 + 2. Let g = i - 7. What is the units digit of b(g)?
8
Suppose -b - 178 = -3*s - 58, 0 = 5*s - 3*b - 200. What is the tens digit of s?
4
Let g(m) = 3*m**2 - 3*m + 4. Let t(h) = 4*h + 1. Let i be t(-1). Let w be g(i). Suppose -c + 0 + 12 = -3*b, -4*b = -4*c + w. What is the units digit of c?
9
What is the units digit of 7 - 7 - (-38)/1?
8
Let z(v) = -2*v - 3. Let u(q) = -3*q - 2. Let c(y) = -4*u(y) + 5*z(y). What is the units digit of c(5)?
3
Let l(v) = v**3 + 11*v**2 + 11*v + 15. Let w be l(-10). Suppose 31 = w*x - 19. What is the tens digit of x?
1
Let l = 51 + -17. Suppose -2*a = -l - 44. Suppose -6*h = -h - 5, -a = -5*u - 4*h. What is the units digit of u?
7
Suppose 0*l - 41 = -4*a - 3*l, 5*l = -3*a + 39. Let m = 0 + a. What is the units digit of m?
8
Let q be ((5 - 3)/4)/((-4)/(-8)). Let k(w) = -1 + 5*w + 14*w - w. What is the tens digit of k(q)?
1
Suppose -o = o - 8. What is the units digit of ((-24)/4)/(o/(-18))?
7
Let j = 7 - 0. What is the units digit of j?
7
What is the tens digit of (-2 - -2) + (-5)/(-10)*174?
8
Suppose 2*i + 1 = -3. What is the units digit of ((-3)/i)/((-6)/(-72))?
8
Suppose 5*f = 4*c + 8, -2 - 2 = -3*f + 2*c. Suppose f*r = -4*r + 48. What is the units digit of r?
2
Let u be (-8 - -3) + 4/2. Let b = u - -3. Let s = b + 4. What is the units digit of s?
4
Let f(q) = 3*q + 4. Let w(l) = 10*l + 12. Let u(n) = 16*f(n) - 5*w(n). Let g be 2 + -3 - 2 - 1. What is the tens digit of u(g)?
1
What is the tens digit of (5 - 6/(-9))*(0 + 3)?
1
What is the units digit of (-2)/4 + (-14)/(-4)?
3
Let f = 47 + -22. What is the tens digit of f?
2
Suppose w + w - 5*s = -11, 8 = w + 2*s. Let n(l) = l**2 + 6*l - 5. Let u be n(-7). What is the units digit of 0/(-2) + u*w?
4
Let a(d) = -d - 3. Let f(k) = -k**3 - 6*k**2 + 9*k + 9. Let j be f(-7). Let w = -11 - j. What is the units digit of a(w)?
3
Suppose 0 = -2*p + 12*i - 17*i + 174, 0 = -p - 3*i + 88. What is the units digit of p?
2
What is the tens digit of (-238)/21*9/(-1)?
0
Suppose -4*g - g + 3*s = -25, 2*g + s + 1 = 0. Suppose -4*l - 6*a + 2*a - 12 = 0, -g*l - 4*a = 16. What is the units digit of l?
2
Let l = -33 - -23. Let g be (-27)/(-15) + (-2)/l. Suppose -w - c = -9, 2*w - 4*c - g = 40. What is the tens digit of w?
1
Suppose -5*g = -3*l + 4*l - 43, 2 = -2*g. What is the tens digit of l?
4
Suppose -3*q = 9, -q + 6*q + 220 = 5*c. What is the units digit of c?
1
Suppose -4*n = n + 500. What is the units digit of 1/(n/(-33) + -3)?
3
Let m = -140 + 148. What is the units digit of m?
8
Let a(m) = 9*m**2 - 2*m - 3. Let w be a(-2). Suppose 11 = 2*p - w. Suppose p = 2*f + f. What is the units digit of f?
8
Suppose -2*m = 5*c - 6*m - 13, 3*c - m - 5 = 0. What is the units digit of (9/1 + -2)/c?
7
What is the units digit of (-8324)/(-26) - (-10)/(-65)?
0
Suppose 3*y - 20 = -y. Suppose 2*b - 3*d - 6 = 0, -8 = -y*b + 3*b + 2*d. What is the units digit of b?
6
Suppose -3*p + p = 6. Let x(t) = -2*t. Let k be x(p). Let m = k + 0. What is the units digit of m?
6
What is the tens digit of (-13*9 - 1)/(-2)?
5
Let y(d) = -d**3 - d**2 + d + 25. Let r be y(0). What is the units digit of ((-54)/15)/((-10)/r)?
9
Let l be -2 + -4*(-3)/6. Suppose l = 4*c - 0*c - 148. Let b = c - 25. What is the tens digit of b?
1
Let i be 2/(-6) - 20/(-6). Let f be (5/(-10))/((-1)/2). Let n = f + i. What is the units digit of n?
4
Suppose 5*g + 7 + 13 = 3*n, -3*n = 5*g + 20. Let u be 6*1 - (2 + 0). Suppose r - u*l = n, 2*l + 33 = 3*r + l. What is the tens digit of r?
1
Suppose 17 = k - 22. What is the units digit of k?
9
Let j(k) = -k**2 - k - 1. Let i(o) = -4*o**2 - 4*o - 1. Let c(p) = -i(p) + 2*j(p). Let d be c(-2). What is the units digit of (-1 - -2)/(3/d)?
1
Suppose 3*b - 3 = -2*l, -12 = -4*b + b + l. Suppose b*c + 2*c = 0. What is the units digit of (c - 1)/(8/(-32))?
4
Let s(l) = l**2 + l + 8. Suppose 2*k + 11 = 3*q + 2, -3 = -4*k - q. What is the units digit of s(k)?
8
Suppose 2*s + 4*g = 406, s = 2*s + g - 207. What is the units digit of s?
1
Let w = -17 + 27. What is the units digit of w?
0
Suppose 6*z = 2*z. Suppose z = -4*f + 1 + 11. What is the units digit of f?
3
Suppose 4*z + 2*t - 74 = 0, -2*z + 6*z + t - 73 = 0. Suppose -26 = -g + z. What is the units digit of g?
4
Let a = -11 + 14. Suppose 5*x = a*x + 6. What is the units digit of x?
3
Let p be (2 + -3)/(1/(-53)). What is the units digit of p/2 - (-6)/12?
7
Let x = 13 - 10. Suppose 8*n - 45 = x*n. What is the units digit of n?
9
Let v = -120 + 267. What is the tens digit of v?
4
Suppose 12 + 6 = -3*b. Let j be b*(-2)/(-3)*1. Let n(u) = u**2 + 2*u + 6. What is the tens digit of n(j)?
1
Suppose -2*f + 5*l = -415, -f + 4*l + 95 = -117. What is the hundreds digit of f?
2
What is the tens digit of 2 + 0 - -2 - -8?
1
What is the hundreds digit of (212 - (0 - 0))/(-1 + 2)?
2
Let c = 12 + -7. Let y = -7 + c. What is the units digit of ((-3)/y)/(3/16)?
8
Let n be (3 + (-98)/(-6))*3. Let a = n + -40. What is the units digit of a?
8
What is the units digit of 2/(-2)*4/(28/(-441))?
3
Let i(g) = -9 - 7*g + 8*g + 28. What is the units digit of i(-6)?
3
Suppose -5*u = -5*a, -u - 15 = u + a. Let s(k) = k**2 + 2*k + 6. What is the tens digit of s(u)?
2
Let x(n) = -n + 6. Let d be x(3). Suppose 0 = -0*g + d*g. Suppose -9 = -3*c + m - 6*m, g = -c - 4*m + 3. What is the units digit of c?
3
Let a(m) be the first derivative of m**4/4 + 8*m**3/3 - m**2 - 6*m - 3. What is the units digit of a(-8)?
0
What is the tens digit of 128/9 + 2/(-9)?
1
What is the tens digit of 168/9*(-12)/(-8)?
2
Suppose 0 = m - 3. Suppose 0 = -m*y + 128 - 32. What is the tens digit of y?
3
Suppose 4*z = -4, 0 = -y - 2*z - 2*z - 7. What is the units digit of (-32)/(-12) - 1/y?
3
Let i = 3 - -5. Suppose -5*f - i = -4*f - 5*j, -4*j + 10 = f. Suppose 33 = d + f*d. What is the tens digit of d?
1
Suppose -80*a + 83*a = 357. What is the tens digit of a?
1
Let m(f) = 3*f**3 + f**2 - 2*f. What is the tens digit of m(2)?
2
Let q be (3/(-2))/3*-92. Suppose 3*s - l - q = 0, -5*l = 4*s - s - 58. What is the tens digit of s?
1
Suppose 12*z - 885 = 327. What is the tens digit of z?
0
Suppose -7*a = -302 - 55. What is the units digit of a?
1
Let o = -112 - -160. Suppose b + o = 3*b. What is the units digit of b?
4
Let o = -4 + 11. Let a = o - -26. What is the units digit of a?
3
Let j = -26 + 96. What is the tens digit of j?
7
Suppose -2*v = 2*v + 5*n - 251, 0 = 4*v - 2*n - 230. What is the units digit of v?
9
Suppose 6*l - 872 + 248 = 0. What is the units digit of l?
4
Suppose 0*l + 3*l - 3 = 0. Let o be (l/2)/(2/12). What is the units digit of (-3)/2*(-4)/o?
2
Suppose -3*g = -0*q + 4*q - 13, -4*g - 2*q = -4. Let f = g - -8. What is the units digit of f?
7
Let g(i) = -i**3 - 2*i**2 + 4*i - 1. Let b(h) = -h - 1. Let n be b(2). Let w be g(n). Let l = -3 - w. What is the units digit of l?
1
Suppose -2*j = 5*f + j - 156, 0 = -5*f + 2*j + 171. Suppose -f = -5*p - r, -5*p + 4*r + 22 = 4. What is the units digit of p?
6
Let w(a) = 11*a + 3. Let t(n) = 12*n +